0299
In base 10, what is 10 - -72991636?
72991646
In base 2, what is 100001001101110111100011 - 0?
100001001101110111100011
In base 16, what is 6f12860 + -1?
6f1285f
In base 15, what is 5 - -8ed67b?
8ed681
In base 9, what is -30 - -2038?
2008
In base 10, what is 618523 + 435?
618958
In base 14, what is -336 + -216?
-54c
In base 12, what is 691 - 425a?
-3789
In base 9, what is -1872 - -3044?
1062
In base 2, what is 1010101 + 1110011000101111010?
1110011000111001111
In base 10, what is -59 - -26729?
26670
In base 7, what is -4600216626 + 2?
-4600216624
In base 6, what is -21433313020 + -4?
-21433313024
In base 16, what is -11b3d + -1b2?
-11cef
In base 16, what is 74d + 1b177?
1b8c4
In base 6, what is 10412341355 + 14?
10412341413
In base 3, what is -10010 + 20001022021?
20001012011
In base 9, what is -2 + -3280525?
-3280527
In base 6, what is -324 - -5450031?
5445303
In base 14, what is -c5506 + -7?
-c550d
In base 10, what is 1 + -4117578?
-4117577
In base 12, what is 206 + 79743a?
797644
In base 11, what is 31 - -237066?
237097
In base 8, what is -31440 - -71414?
37754
In base 12, what is -5 + -1b87938?
-1b87941
In base 2, what is -1011110 + -11000100010100100?
-11000100100000010
In base 13, what is 95 - -2c9b93?
2c9c58
In base 13, what is 3 - 420c74?
-420c71
In base 9, what is 4742 - 138012?
-133160
In base 13, what is -13835b + -3?
-138361
In base 4, what is -3 - -111020311311?
111020311302
In base 12, what is -4238a - -20?
-4236a
In base 15, what is 119 + e96a?
ea84
In base 6, what is -11415245 - -21?
-11415224
In base 14, what is -2183 - -6c7?
-189a
In base 13, what is 30 + 9778?
97a8
In base 10, what is 1121449452 + 5?
1121449457
In base 5, what is -24122141222 - -11?
-24122141211
In base 6, what is -1550044 - 30?
-1550114
In base 5, what is 0 + 440330211?
440330211
In base 2, what is -110000011101 + -10110000001011000?
-10110110001110101
In base 16, what is 2724 - -c35?
3359
In base 5, what is 2022 + 200422?
202444
In base 2, what is 100111001101100011001110 - 11110?
100111001101100010110000
In base 3, what is 212020 - 1110220200?
-1110001110
In base 16, what is 608280 + 97?
608317
In base 16, what is 73a9d + -5?
73a98
In base 8, what is -6 + 350312?
350304
In base 9, what is 12 - 17146247?
-17146235
In base 9, what is 413170278 + 4?
413170283
In base 10, what is 5603574 + -1?
5603573
In base 5, what is 412104412 - 43?
412104314
In base 7, what is 163360664 - 10?
163360654
In base 3, what is 2111 + -20001012101?
-20001002220
In base 2, what is 1101 - -10011101111110110011001?
10011101111110110100110
In base 15, what is 5 - c7355d?
-c73558
In base 5, what is 4 + 1422132203?
1422132212
In base 14, what is 408d - -2a1?
4350
In base 7, what is 45033 + -1011?
44022
In base 5, what is 3 - -4141244024?
4141244032
In base 6, what is -32034 + 1023?
-31011
In base 16, what is 14217 - -b1?
142c8
In base 15, what is cd - baa0?
-b9c2
In base 12, what is -10a935 + -62?
-10a997
In base 9, what is -4 - 107723313?
-107723317
In base 7, what is -3223 - 435655?
-442211
In base 16, what is 1 - -38ab6?
38ab7
In base 12, what is bb - -15b59?
16058
In base 6, what is 2100 + -502134?
-500034
In base 3, what is -1012202110021022 - 11?
-1012202110021110
In base 10, what is 1 - 95810103?
-95810102
In base 9, what is 834 + 3228?
4163
In base 12, what is 227284 - 63a?
226846
In base 12, what is 95049 + -3?
95046
In base 7, what is -156 + -2222140?
-2222326
In base 16, what is 4 + 145418?
14541c
In base 11, what is 10189a5 + -20?
1018985
In base 11, what is -a409586 - -6?
-a409580
In base 8, what is 105662 - 1747?
103713
In base 13, what is -3ba2997 - -c?
-3ba2988
In base 4, what is -130313220 + 302?
-130312312
In base 16, what is fb0364 - -3?
fb0367
In base 9, what is -7 - 3865815?
-3865823
In base 6, what is -5504302 + -203?
-5504505
In base 3, what is -1121 - 1021212100200?
-1021212102021
In base 15, what is -23a7d - -a?
-23a73
In base 11, what is 362176 + -257?
361a1a
In base 16, what is 238c - 97?
22f5
In base 8, what is -1 - -24656165?
24656164
In base 8, what is 5 + -743002326?
-743002321
In base 14, what is -24 + -167b616?
-167b63a
In base 14, what is -179a8 + -6a?
-17a34
In base 14, what is 15142 - b?
15135
In base 6, what is -412 - 33133341?
-33134153
In base 11, what is -314 - -6236?
5a22
In base 12, what is -2 - 2b9a946?
-2b9a948
In base 4, what is 201032332200 + -10?
201032332130
In base 11, what is -9525 + 13079?
4654
In base 11, what is 5 - -1388938?
1388942
In base 6, what is 2 + -303203011?
-303203005
In base 9, what is -752131 + 120?
-752011
In base 14, what is -bcd738 - -10a?
-bcd62c
In base 12, what is -3 + 6b600740?
6b600739
In base 16, what is -4e56 + -3c0?
-5216
In base 5, what is -3 + 214342222112?
214342222104
In base 7, what is -15 + 2261220?
2261202
In base 3, what is 121202110 - -2010011220?
2201221100
In base 8, what is -147 + 107633?
107464
In base 16, what is 3 - -6fa7f?
6fa82
In base 2, what is -11110101001 + 10101110010101010?
10101010100000001
In base 7, what is -5 + -32333402?
-32333410
In base 16, what is f6a08 - -e?
f6a16
In base 13, what is 25c8c - ab?
25bb1
In base 10, what is -4371 + 2308?
-2063
In base 5, what is 14 - -13312101302?
13312101321
In base 10, what is 1385664 - -53?
1385717
In base 12, what is -314 + 44746?
44432
In base 3, what is -120002022022 + 11211?
-120002010111
In base 4, what is -10132 - 131132122?
-131202320
In base 8, what is 2424061 + 41?
2424122
In base 10, what is -66 + 32647?
32581
In base 13, what is -7a6a70a8 - 0?
-7a6a70a8
In base 10, what is 9717 + -3637?
6080
In base 2, what is -1000010101 - -110001111111?
101001101010
In base 16, what is -2b784a + -7?
-2b7851
In base 9, what is 81 - 1160330?
-1160238
In base 11, what is -677881 - 39?
-67790a
In base 15, what is 75 - 11e05c?
-11ded7
In base 15, what is 54a - 1cc0?
-1775
In base 15, what is ca37 - 1209?
b82d
In base 5, what is -4 - 1414234230?
-1414234234
In base 15, what is 2204 - -2488?
468c
In base 14, what is -148 - -d707?
d59d
In base 13, what is -28 + -1668069?
-1668094
In base 9, what is -651175 - -12?
-651163
In base 11, what is -1 - 9072295?
-9072296
In base 2, what is 1000011000101101 - 100100101?
1000010100001000
In base 15, what is 2 - 1cda21?
-1cda1e
In base 8, what is 544307 + -66?
544221
In base 11, what is -3 - -2a89399?
2a89396
In base 3, what is -1100 + 111211121221?
111211120121
In base 15, what is -138b46a + 2?
-138b468
In base 4, what is 1313032 + -12210001?
-10230303
In base 11, what is -2181490 - 25?
-2181505
In base 13, what is -23c41 + 49?
-23bc5
In base 15, what is -22db44 - -3?
-22db41
In base 10, what is -23 - 111773?
-111796
In base 13, what is -1 - -1b58510?
1b5850c
In base 7, what is 256115334 + -4?
256115330
In base 16, what is 7a82704 - -1?
7a82705
In base 4, what is -103323201 - 11?
-103323212
In base 13, what is 3301 - 74a?
2884
In base 9, what is 4807 + -2320?
2477
In base 12, what is 13 - 10339953?
-10339940
In base 8, what is 446673 + -25524?
421147
In base 16, what is -6 + cb67765?
cb6775f
In base 11, what is 15 - -5057164?
5057179
In base 16, what is -5015c0 - a1?
-501661
In base 10, what is -72 - 272224?
-272296
In base 15, what is 89089 - a?
8907e
In base 11, what is 69 + -83405?
-83347
In base 8, what is -2 + -345751?
-345753
In base 13, what is -240 - 38947?
-38b87
In base 2, what is 1101111000110111111000 + -100?
1101111000110111110100
In base 7, what is 13344441 + -2514?
13341624
In base 16, what is -b - -fa1ec?
fa1e1
In base 13, what is -4350992 - 3?
-4350995
In base 2, what is 101001000011101100100 + -11011111?
101001000011010000101
In base 13, what is 2104c8 + 322?
21081a
In base 10, what is -21739999 - -1?
-21739998
In base 6, what is 0 + -121453032?
-121453032
In base 8, what is -221 + 651273?
651052
In base 8, what is 3316 + -2716?
400
In base 15, what is -5b - 154339?
-154395
In base 14, what is -301aab + 2?
-301aa9
In base 6, what is -1124050525 - -1?
-1124050524
In base 12, what is -a60 - -196a?
b0a
In base 8, what is 0 + 3155546?
3155546
In base 9, what is 2 - -40118471?
40118473
In base 3, what is 100220111 - -1011202?
102002020
In base 4, what is 100 - 1213100102?
-1213100002
In base 10, what is -8968 - -130?
-8838
In base 3, what is -1011022101 + -10100?
-1011102201
In base 11, what is